 -13 - o = -3*r. Suppose 2*l - 7*l - y = -27, -r*l + 3*y + 39 = 0. What is the units digit of l?
6
Let r be (-48)/(-15) - (-8)/10. Suppose -155 - 37 = -r*p. What is the units digit of p?
8
Let x = -1 - 2. Let g = x + 21. Let v = g - 9. What is the units digit of v?
9
What is the tens digit of -2 - (-128 + (-5)/(-1))?
2
What is the units digit of (-4)/(-22) - 20/(-11)?
2
Suppose 4*k + 5 = -55. Let z = -10 - k. Let y(f) = 2*f - 3. What is the units digit of y(z)?
7
Let b = -100 + 160. What is the units digit of b?
0
Suppose 0 = -0*j + 2*j - 4*x - 26, 3*j - 36 = 5*x. Suppose -4*n + 31 = j. Suppose -b + 4 + n = 0. What is the units digit of b?
0
Suppose 2*w - 8 = -0*w. Suppose -31 - 73 = -w*f. What is the units digit of f?
6
Let c = 53 + 6. What is the tens digit of c?
5
Suppose 0 = 5*d - 5*m - 330, 4*d = 2*d - m + 138. What is the tens digit of d?
6
Let u(w) = 22*w - 1. Let m be u(1). Suppose 3*v - 18 = -q - 4*q, -3*v - 4*q + m = 0. What is the tens digit of v?
1
Let o(l) = 8*l**2 - 4*l - 5. Let f be o(5). Suppose 2*q + f = 7*q. What is the tens digit of q?
3
Let r = 2 - 3. What is the units digit of 2/(-2)*1/r?
1
Suppose -a = 2 - 1. Let n be -10*(-1 + 2 + -2). Let i = a + n. What is the units digit of i?
9
Let y = 375 + -253. What is the hundreds digit of y?
1
Suppose 3*f - 112 = -34. What is the tens digit of f?
2
Let b be 6/(4/(0 + 2)). Let z(h) = b*h - 1 + 1. What is the units digit of z(1)?
3
Let j(h) = 6*h**2 + h**3 - h + 5*h - 3*h + 8. Let q be j(-6). What is the units digit of 0 + (-4)/q - -8?
6
Let a(p) = -5*p - 19. What is the tens digit of a(-7)?
1
Let c = 38 - 18. Let h = c - -6. What is the tens digit of h?
2
Suppose 5*q - 638 = -113. What is the hundreds digit of q?
1
What is the units digit of (-1926)/(-10) - (-4 - 54/(-15))?
3
Let i(m) = m - 2. Let x be i(0). What is the tens digit of x/(-10) + 297/15?
2
Let w(o) = -2*o - 8. Suppose -21 = 2*j - 3*f, 4*j - f - f + 30 = 0. Let z be w(j). Suppose -2 - 2 = -z*a. What is the units digit of a?
1
Suppose 0 = 7*x - 2*x + 3*f + 46, 0 = -x + 4*f. Let n be 4/6 - x/6. Suppose 3*m + 3 = n*m, 0 = -3*h - 2*m. What is the units digit of h?
2
Suppose 2*a = -0 + 4. Suppose -29 = -a*m + 1. What is the units digit of m?
5
Suppose -5*r - 25 = 0, -5*r + 1 = 4*i - 2*r. Suppose 4*z + 6*c = c + 169, 2*c = i*z - 190. What is the tens digit of z?
4
Suppose -2*z + 5*z - 9 = 0. Let q(h) = h**3 - 2*h**2 - h - 3. What is the units digit of q(z)?
3
Let s(d) = -d**2 + 8*d - 4. Let w be s(7). Suppose y - w*u = 24, -4*u + 58 = 3*y + u. What is the units digit of y?
1
Suppose 9 = -i - d, 47 = -5*i - d + 14. Let k(f) = -f**3 - 7*f**2 - 6*f + 4. What is the units digit of k(i)?
4
Suppose 0 = -o + 1 + 2. Suppose 2*j = 4*c - 14, c = -5*j - 3*c + 35. Suppose j*i - 26 = -2*t, -o*i = i. What is the tens digit of t?
1
Let c(t) = 43*t + 2. What is the units digit of c(1)?
5
What is the tens digit of (-4)/(-22) - (9434/(-22) - -2)?
2
Let w(p) = 2*p**2 - 3*p**2 - 1 + p**2 + 5*p**2. Let k be (-2)/(-7) - (-10)/14. What is the units digit of w(k)?
4
Suppose -i = 3*i + 5*p - 15, 2*i - 4*p = 14. Suppose -12 = 4*m - i*n - 97, -5*m + 90 = -3*n. What is the tens digit of m?
1
Let c = 75 - 21. What is the units digit of c?
4
Suppose a = 3*z - 469, 0 = 4*z - a + 4*a - 608. What is the hundreds digit of z?
1
Let t(v) = 2*v**2 + 12*v - 39. What is the tens digit of t(-13)?
4
Let j = -9 + 19. Let m(n) = -n**3 + 11*n**2 - 10*n + 11. What is the units digit of m(j)?
1
Suppose -n = 10 - 0. What is the tens digit of 5/(-2)*116/n?
2
Suppose s - 50 = -4*s. What is the units digit of s?
0
Let u be (7 - 5) + 2*-3. Let r = u - -6. What is the units digit of r?
2
Let q be -3 + (3 - 1)*3. Suppose 0*t = -t + 1, -92 = -q*b + t. What is the tens digit of b?
3
Let g = 9 + 19. Suppose -5*o = -o - g. What is the units digit of o?
7
Suppose -5*r = -2*s + 3, -6 = -s - 5*r + 33. What is the tens digit of (-159)/(-7) - (-4)/s?
2
Suppose -4*y - 8 = -28. Let q = y - -5. What is the units digit of q?
0
Let h(r) = 2*r**2 - 12*r + 11. Let n be h(8). Suppose -n + 10 = -3*s. What is the tens digit of s?
1
Suppose -4*u + 0*x = -4*x - 28, 0 = 4*u - 5*x - 32. Suppose 0 = -z + 2*g + 19, -3*g = u*z - 10 - 2. What is the units digit of z?
9
Suppose -4*q + 1130 = 2*g, -5*g + 205 - 1300 = -4*q. What is the units digit of q?
0
Suppose -61 - 75 = -4*y. What is the tens digit of y?
3
Suppose -2*c + 3*c = 9. What is the units digit of 1*-1 - (-27)/c?
2
Suppose 0 = -3*i + 4*d + 89, 2*i + d + 30 = 3*i. What is the units digit of i?
1
Suppose -4*y - 29 = -x, 2*y + 0*x = 3*x - 7. Let h = 14 + y. What is the units digit of 15/h*(1 + 1)?
5
Let u = 4 + -14. Let i be ((-24)/u)/(6/40). Suppose 12 = 4*s - i. What is the units digit of s?
7
What is the tens digit of 4/((1 + 1)/20)?
4
Suppose -u - 4*b + 65 = 0, -5*u - b = -0*u - 268. What is the units digit of u?
3
Let v(n) = 5*n**2 + n + 1. Let f be (2 - -1) + 14 + -20. What is the tens digit of v(f)?
4
Suppose -35 = -4*z + 17. What is the tens digit of z?
1
Let q(x) = -4*x**3 + 5*x + 1. Let j(d) = -3*d**3 + 4*d + 1. Let s(f) = 6*j(f) - 5*q(f). Let i be s(1). Suppose i*y + y - 6 = 0. What is the units digit of y?
2
Let w(n) = n**2 + n. What is the units digit of w(-2)?
2
Let o = -6 - -10. Suppose -4 = 7*m - 3*m. What is the units digit of (6 - m) + o/(-2)?
5
Let d(z) = -2*z**3 - 4*z**2 - 4*z - 3. What is the tens digit of d(-3)?
2
Suppose 2*t + 0*t = 10. What is the units digit of t?
5
Suppose -14 = x + 5*a, 5*x + a + 3*a = -7. Let l be 164/16 - x/4. What is the units digit of l/1*(-1)/(-2)?
5
Let s = 22 - -14. Suppose -v + 7 = -5*m + 70, 0 = -2*m - 5*v + s. Suppose -4*d = 3*x + m, -2*d + 1 - 11 = -2*x. What is the units digit of x?
1
Let n be (9/18)/((-1)/2). Let t = 3 + n. Suppose -t*o + 3*o - 8 = 0. What is the units digit of o?
8
What is the tens digit of (-302)/(-18) + 8/36?
1
Let y be 1/(-2) - 42/4. Let k be 26/(-22) + (-2)/y. Let w(j) = 10*j**2 + 2*j + 1. What is the units digit of w(k)?
9
Let u be (1 - -1)/2 - 3. What is the units digit of (u + -4)*3/(-9)?
2
Suppose 0*b + 2*b = 0. Suppose b = -2*j + 6*j - 48. Suppose -6*u = -3*u - j. What is the units digit of u?
4
What is the units digit of (-11 + 8)*-5*1?
5
Suppose d + 2*d = 66. What is the tens digit of d?
2
What is the hundreds digit of 789/7 - 8/(-28)?
1
Suppose -2*y - 39 + 227 = 2*h, y + 458 = 5*h. What is the units digit of h?
2
Let f(m) = m**2 - 19*m - 14. What is the units digit of f(20)?
6
Let y(f) = 5*f**2 + 6*f + 1. Let l be y(-5). Suppose 2*d - l = -d. Suppose -d + 0 = -4*o. What is the units digit of o?
8
Let k(g) = g**3 - 5*g**2 + 4*g + 2. Suppose 7 = -3*j + 1. Let h = j + 6. What is the units digit of k(h)?
2
Let m be (3 - (0 - -2)) + 15. Let a be (-92)/m - (-1)/(-4). Let n = a + 9. What is the units digit of n?
3
Let p = -169 + 243. What is the tens digit of p?
7
Let m(z) = 6*z. Let k(u) = -5*u - 1. Let w(i) = -5*k(i) - 4*m(i). Let c be w(-5). What is the units digit of (c + -1)/((-1)/7)?
7
Let a be ((-11)/3)/((-4)/12). Let j = 17 - a. Suppose 0 = -3*p + 4*p - j. What is the units digit of p?
6
Let o(t) be the first derivative of -t**3/3 + 9*t**2/2 - 6*t + 4. Let a be o(8). Suppose -2 = -4*z + a, -1 = -f + 2*z. What is the units digit of f?
3
Let q(r) = 2*r**3 + 11*r**2 - 2*r + 1. Suppose 0 = -5*v - 4*i - 5, v - 3*i = -4*i. What is the tens digit of q(v)?
3
Let o = 6 + -6. Suppose 3*x - z - 28 = 10, o = -2*x - 5*z - 3. What is the tens digit of x?
1
Let r be 0 - (4 - (5 + 4)). Let i(s) = -5*s + 1. Let u(b) = -14*b + 2. Let w(n) = 11*i(n) - 4*u(n). What is the units digit of w(r)?
8
Let r(v) = v**2 - 7*v + 8. Let o be r(6). What is the units digit of (1*(o + -9))/(-1)?
7
Suppose -18*y = -7*y - 1067. What is the units digit of y?
7
Let w(h) = -21*h - 25. What is the units digit of w(-9)?
4
Let o(a) = a**2 - 2*a + 4. What is the tens digit of o(-6)?
5
Suppose -3 - 7 = -2*n, 3*j = -4*n + 56. Suppose -j = k + 13. Let z = 36 + k. What is the tens digit of z?
1
Let r(p) = -8*p + 6. Let z be r(-6). Let a = 159 - z. What is the units digit of a/6 - (-2)/(-4)?
7
Let b be -4 - ((-4)/2 + 0). Let y(o) = -2*o**3 - 2*o**2 - 2. What is the units digit of y(b)?
6
Suppose -4*t = -5*u + 10 + 21, -3*t = -3*u + 21. Let w = 2 + u. What is the units digit of w?
5
Let k = 17 + -56. L